{"id":864,"date":"2024-12-11T14:41:46","date_gmt":"2024-12-11T13:41:46","guid":{"rendered":"https:\/\/dev.everpress.everapps.dev\/?page_id=864"},"modified":"2025-02-16T13:42:06","modified_gmt":"2025-02-16T12:42:06","slug":"startseite","status":"publish","type":"page","link":"https:\/\/www.fingerfoodaffair.ch\/shop\/","title":{"rendered":"Startseite"},"content":{"rendered":"<div class=\"ep-content-dynamic  bg-light space \"><div class=\"row   default-start default-top\"><h1 class=\"col align-left\">Bestellen Sie im Online Shop   <span class=\"subline\"><\/span><\/h1><div class=\"col small-6 large-4 giant-5 \"><h4><strong>Neu bei uns<\/strong><\/h4>\n<h4>In unserem Online Shop stellen Sie selber bequem Ihre gew\u00fcnschte Bestellung von ausgew\u00e4hlten\u00a0 kalten, warmen und s\u00fcssen fingerfood Varianten, gef\u00fclltem Meterbrot, K\u00e4se- Fleisch &#8211; und Gem\u00fcseplatten sowie hausgemachtem Eis und Getr\u00e4nken, zusammen.<\/h4>\n<h4>Ihre Bestellung k\u00f6nnen Sie bei uns in Schwerzenbach abholen oder wir liefern an die gew\u00fcnschte Adresse.<\/h4>\n<\/div><div class=\"col small-6 large-4 giant-5 \"><div class=\"buttonContainer\"><a class=\"btn \" href=\"\/shop\/alle-produkte\" title=\"Alle Produkte anzeigen \" >Alle Produkte anzeigen <\/a><\/div><\/div><div class=\"col large-4 giant-2 \"><div class=\"imageContainer\"><a class=\"modal-gallery\" title=\"photo-2025-02-16-13-19-25\" href=\"https:\/\/www.fingerfoodaffair.ch\/shop\/wp-content\/uploads\/2025\/02\/photo-2025-02-16-13-19-25.jpg\"><picture ><source media=\"(max-width: 480px)\" srcset=\"https:\/\/www.fingerfoodaffair.ch\/shop\/wp-content\/uploads\/2025\/02\/photo-2025-02-16-13-19-25-480x640.jpg\"><source media=\"(max-width: 760px)\" srcset=\"https:\/\/www.fingerfoodaffair.ch\/shop\/wp-content\/uploads\/2025\/02\/photo-2025-02-16-13-19-25-760x1013.jpg\"><source media=\"(max-width: 1200px)\" srcset=\"https:\/\/www.fingerfoodaffair.ch\/shop\/wp-content\/uploads\/2025\/02\/photo-2025-02-16-13-19-25-760x1013.jpg\"><img decoding=\"async\" class=\"non-fluid\" style=\"aspect-ratio: 0.75 \/ 1\" loading=\"lazy\" alt=\"photo-2025-02-16-13-19-25\" title=\"photo-2025-02-16-13-19-25\" src=\"https:\/\/www.fingerfoodaffair.ch\/shop\/wp-content\/uploads\/2025\/02\/photo-2025-02-16-13-19-25.jpg\"><\/picture><\/a><\/div><\/div><\/div><\/div><div class=\"ep-content-dynamic bg-image bg-medium space \"><div class=\"row   default-start default-top\"><div class=\"col cut-6 large-9 \"><h2>hausgemachtes Minibr\u00f6tli<\/h2>\n<p>In unserem <strong>Online Shop<\/strong> k\u00f6nnen Sie sich Ihr <strong>gew\u00fcnschtes Platte mit gef\u00fcllten Minibr\u00f6tli<\/strong> ganz bequem <strong>selbst zusammenstellen<\/strong>!<\/p>\n<div class=\"buttonContainer\"><a class=\"btn btn-shop\" href=\"\/shop\/product\/sandwich\/\" title=\"Jetzt konfigurieren\" >Jetzt konfigurieren<\/a><\/div><\/div><div class=\"col medium-6 large-4 \"><\/div><div class=\"col medium-6 large-4 \"><\/div><\/div><\/div><div class=\"ep-content-dynamic  bg-light space \"><div class=\"row   default-between default-middle\"><\/div><\/div><div class=\"ep-products-teaser  bg-medium space\">\n<div class=\"row\">\n\n\t\n\t<div class=\"col ep-title-container\"><h2>Unsere aktuellen Produkte &#8211;  <span class=\"subline\">werden Sie jetzt f\u00fcndig<\/span><\/h2><a title=\"Catering &amp; Fingerfood f\u00fcr Ihre Party in Z\u00fcrich &amp; Umgebung | Shop\" class=\"btn weight-bold icon icon-after-arrow-right margin-bottom\" target=\"_self\" href=\"https:\/\/www.fingerfoodaffair.ch\/shop\/alle-produkte\/\">Unseren Shop ansehen<\/a><\/div>\n\n\t<div class=\"col\">\n\t\t<p>Keine Produkte gefunden<\/p><\/div>\n\n<\/div>\n<\/div><div class=\"ep-content-dynamic  bg-light space \"><div class=\"row   default-start default-top\"><h2 class=\"col align-left\">Die sch\u00f6nste  <span class=\"subline\">\u00dcbeschrift ist kurz und knackig<\/span><\/h2><div class=\"col large-4 \"><p>Blindtexte nennt man Texte, die bei der Produktion von Publikationen oder Webseiten als Platzhalter f\u00fcr sp\u00e4tere Inhalte stehen, wenn der eigentliche Text noch nicht vorhanden ist. Sie werden auch als Dummy-, F\u00fcll- oder Platzhaltertexte bezeichnet. Mitunter sollen Komponisten von Liedern Blindtexte beim Komponieren von Melodien benutzen und diese vor dem Dichten des Liedtextes singen. Bereits seit dem 16. Jahrhundert d\u00fcrften Blindtexte bei Setzern \u00fcblich gewesen sein.<\/p>\n<p>Blindtexte nennt man Texte, die bei der Produktion von Publikationen oder Webseiten als Platzhalter f\u00fcr sp\u00e4tere Inhalte stehen, wenn der eigentliche Text noch nicht vorhanden ist. Sie werden auch als Dummy-, F\u00fcll- oder Platzhaltertexte bezeichnet. Mitunter sollen Komponisten von Liedern Blindtexte beim Komponieren von Melodien benutzen und diese vor dem Dichten des Liedtextes singen. Bereits seit dem 16. Jahrhundert d\u00fcrften Blindtexte bei Setzern \u00fcblich gewesen sein.<\/p>\n<\/div><div class=\"col large-4 \"><div class=\"imageContainer\"><picture ><source media=\"(max-width: 480px)\" srcset=\"https:\/\/www.fingerfoodaffair.ch\/shop\/wp-content\/uploads\/2024\/11\/burger.jpg\"><source media=\"(max-width: 760px)\" srcset=\"https:\/\/www.fingerfoodaffair.ch\/shop\/wp-content\/uploads\/2024\/11\/burger.jpg\"><source media=\"(max-width: 1200px)\" srcset=\"https:\/\/www.fingerfoodaffair.ch\/shop\/wp-content\/uploads\/2024\/11\/burger.jpg\"><img decoding=\"async\" class=\"non-fluid\" style=\"aspect-ratio: 0.61 \/ 1\" loading=\"lazy\" alt=\"Burger\" title=\"Burger\" src=\"https:\/\/www.fingerfoodaffair.ch\/shop\/wp-content\/uploads\/2024\/11\/burger.jpg\"><\/picture><\/div><\/div><div class=\"col large-4 \"><p>Blindtexte nennt man Texte, die bei der Produktion von Publikationen oder Webseiten als Platzhalter f\u00fcr sp\u00e4tere Inhalte stehen, wenn der eigentliche Text noch nicht vorhanden ist. Sie werden auch als Dummy-, F\u00fcll- oder Platzhaltertexte bezeichnet. Mitunter sollen Komponisten von Liedern Blindtexte beim Komponieren von Melodien benutzen und diese vor dem Dichten des Liedtextes singen. Bereits seit dem 16. Jahrhundert d\u00fcrften Blindtexte bei Setzern \u00fcblich gewesen sein.<\/p>\n<div class=\"buttonContainer\"><a class=\"btn \" href=\"\/shop\/\" title=\"Alle Produkte anzeigen\" >Alle Produkte anzeigen<\/a><\/div><\/div><\/div><\/div><div class=\"ep-block-categories-teaser ep-kategorie-teaser grey-after bg-medium space\">\n\t\t<div class=\"row\">\n\n\t\t\t\n\t\t\t<div class=\"col ep-title-container\"><h2>Unsere Produktkategorien  <span class=\"subline\"><\/span><\/h2><a title=\"Catering &amp; Fingerfood f\u00fcr Ihre Party in Z\u00fcrich &amp; Umgebung | Shop\" class=\"btn weight-bold icon icon-after-arrow-right margin-bottom\" target=\"_self\" href=\"https:\/\/www.fingerfoodaffair.ch\/shop\/alle-produkte\/\">Alle Kategorien ansehen<\/a><\/div>\n\t\n\t\t\t\t\t\t\t<div class=\"col\">\n\t\t\t\t\t\t\t\t\t<\/div>\n\t\t\t\t\n\t\t<\/div>\n\t<\/div>","protected":false},"excerpt":{"rendered":"","protected":false},"author":1,"featured_media":0,"parent":0,"menu_order":0,"comment_status":"closed","ping_status":"closed","template":"","meta":{"_acf_changed":false,"footnotes":""},"class_list":["post-864","page","type-page","status-publish","hentry"],"acf":[],"_links":{"self":[{"href":"https:\/\/www.fingerfoodaffair.ch\/shop\/wp-json\/wp\/v2\/pages\/864"}],"collection":[{"href":"https:\/\/www.fingerfoodaffair.ch\/shop\/wp-json\/wp\/v2\/pages"}],"about":[{"href":"https:\/\/www.fingerfoodaffair.ch\/shop\/wp-json\/wp\/v2\/types\/page"}],"author":[{"embeddable":true,"href":"https:\/\/www.fingerfoodaffair.ch\/shop\/wp-json\/wp\/v2\/users\/1"}],"replies":[{"embeddable":true,"href":"https:\/\/www.fingerfoodaffair.ch\/shop\/wp-json\/wp\/v2\/comments?post=864"}],"version-history":[{"count":5,"href":"https:\/\/www.fingerfoodaffair.ch\/shop\/wp-json\/wp\/v2\/pages\/864\/revisions"}],"predecessor-version":[{"id":10962,"href":"https:\/\/www.fingerfoodaffair.ch\/shop\/wp-json\/wp\/v2\/pages\/864\/revisions\/10962"}],"wp:attachment":[{"href":"https:\/\/www.fingerfoodaffair.ch\/shop\/wp-json\/wp\/v2\/media?parent=864"}],"curies":[{"name":"wp","href":"https:\/\/api.w.org\/{rel}","templated":true}]}}